{"id":1602,"date":"2017-01-26T12:23:26","date_gmt":"2017-01-26T11:23:26","guid":{"rendered":"https:\/\/prades.cat\/alcaldia\/"},"modified":"2023-12-04T10:33:52","modified_gmt":"2023-12-04T09:33:52","slug":"alcaldia","status":"publish","type":"page","link":"https:\/\/prades.cat\/es\/alcaldia\/","title":{"rendered":"Alcald\u00eda"},"content":{"rendered":"\n<p><\/p>\n\n<p><\/p>\n\n<p><\/p>\n\n<p><strong>BIENVENIDOS A VUESTRA CASA!<\/strong><\/p>\n<div class=\"wp-block-image\">\n<figure class=\"alignright is-resized\"><a href=\"https:\/\/prades.cat\/wp-content\/uploads\/2023\/11\/Llorenc-pagina-web.jpg\"><img decoding=\"async\" loading=\"lazy\" width=\"736\" height=\"993\" src=\"https:\/\/prades.cat\/wp-content\/uploads\/2023\/11\/Llorenc-pagina-web.jpg\" alt=\"Lloren&#xE7;\" class=\"wp-image-7810\" style=\"aspect-ratio:0.7411883182275931;width:220px;height:auto\" srcset=\"https:\/\/prades.cat\/wp-content\/uploads\/2023\/11\/Llorenc-pagina-web.jpg 736w, https:\/\/prades.cat\/wp-content\/uploads\/2023\/11\/Llorenc-pagina-web-222x300.jpg 222w, https:\/\/prades.cat\/wp-content\/uploads\/2023\/11\/Llorenc-pagina-web-700x944.jpg 700w\" sizes=\"(max-width: 736px) 100vw, 736px\" \/><\/a><\/figure><\/div>\n<p>Siempre he dicho que Prades vendr\u00eda a ser una especie de Hollywood catal\u00e1n.&#13;\nMe explico, al igual que Hollywood ha marcado el imaginario colectivo americano, en Prades podr\u00e1 encontrar todo lo que est\u00e1 vinculado con Catalu\u00f1a: una gastronom\u00eda inmejorable, un entorno natural \u00fanico, productos propios y genuinos, una oferta cultural aut\u00e9ntica y, sobre todo, una forma de hacer que consigue que nadie se sienta de fuera, que todo el mundo interprete el anhelo de Prades como una cosa propia.&#13;\n\u200b<\/p>\n\n<p>Por eso siempre he defendido que lo mejor que tenemos en Prades es el talante de nuestra gente, hayan nacido en el pueblo o sean de fuera de la villa. Todos y todas somos Prades. Somos un pueblo que viene de lejos pero que mira el futuro con optimismo y esperanza, que va m\u00e1s lejos todav\u00eda. Un pueblo que sabe diversificarse, adaptarse a los tiempos sin perder la identidad y ganar los retos que nos plantea la realidad. Un pueblo donde nadie es forastero. Un pueblo orgulloso de su raz\u00f3n de ser.&#13;\nEsta p\u00e1gina web le permitir\u00e1 conocer una buena parte de esta identidad&#13;\n\u00fanica que nos singulariza. Os aliento a que nos conozca directamente y venga a Prades a disfrutar de las actividades, lugares o entornos que considere&#13;\nm\u00e1s atractivos. No se arrepentir\u00e1, puede estar seguro.<\/p>\n\n<p>Por tanto, os animo a adentraros\u00a0por las calles, a disfrutar del bosque, a perderse&#13;\npor los rincones de nuestra villa, a disfrutar de todos los sabores, en definitiva, a conectaros con la vida.<\/p>\n\n<p>Bienvenidos a Prades, bienvenidos a vuestra casa.<\/p>\n\n<p><\/p>\n\n<p><strong>Lloren\u00e7 Torruella<\/strong>&#13;\nAlcalde de Prades<\/p>\n\n<p><\/p>\n","protected":false},"excerpt":{"rendered":"<p>BIENVENIDOS A VUESTRA CASA! Siempre he dicho que Prades vendr\u00eda a ser una especie de Hollywood catal\u00e1n.&#13; Me explico, al igual que Hollywood ha marcado el imaginario colectivo americano, en Prades podr\u00e1 encontrar todo lo que est\u00e1 vinculado con Catalu\u00f1a: una gastronom\u00eda inmejorable, un entorno&#8230;<\/p>\n","protected":false},"author":1,"featured_media":1603,"parent":0,"menu_order":0,"comment_status":"closed","ping_status":"closed","template":"","meta":{"footnotes":""},"acf":[],"yoast_head":"<!-- This site is optimized with the Yoast SEO plugin v22.6 - https:\/\/yoast.com\/wordpress\/plugins\/seo\/ -->\n<title>Alcald\u00eda - Prades<\/title>\n<meta name=\"robots\" content=\"index, follow, max-snippet:-1, max-image-preview:large, max-video-preview:-1\" \/>\n<link rel=\"canonical\" href=\"https:\/\/prades.cat\/es\/alcaldia\/\" \/>\n<meta property=\"og:locale\" content=\"es_ES\" \/>\n<meta property=\"og:type\" content=\"article\" \/>\n<meta property=\"og:title\" content=\"Alcald\u00eda - Prades\" \/>\n<meta property=\"og:description\" content=\"BIENVENIDOS A VUESTRA CASA! Siempre he dicho que Prades vendr\u00eda a ser una especie de Hollywood catal\u00e1n.&#013; Me explico, al igual que Hollywood ha marcado el imaginario colectivo americano, en Prades podr\u00e1 encontrar todo lo que est\u00e1 vinculado con Catalu\u00f1a: una gastronom\u00eda inmejorable, un entorno...\" \/>\n<meta property=\"og:url\" content=\"https:\/\/prades.cat\/es\/alcaldia\/\" \/>\n<meta property=\"og:site_name\" content=\"Prades\" \/>\n<meta property=\"article:modified_time\" content=\"2023-12-04T09:33:52+00:00\" \/>\n<meta property=\"og:image\" content=\"https:\/\/prades.cat\/wp-content\/uploads\/2017\/01\/Bargas4-687x1024.jpg\" \/>\n\t<meta property=\"og:image:width\" content=\"687\" \/>\n\t<meta property=\"og:image:height\" content=\"1024\" \/>\n\t<meta property=\"og:image:type\" content=\"image\/jpeg\" \/>\n<meta name=\"twitter:card\" content=\"summary_large_image\" \/>\n<meta name=\"twitter:label1\" content=\"Tiempo de lectura\" \/>\n\t<meta name=\"twitter:data1\" content=\"1 minuto\" \/>\n<script type=\"application\/ld+json\" class=\"yoast-schema-graph\">{\"@context\":\"https:\/\/schema.org\",\"@graph\":[{\"@type\":\"WebPage\",\"@id\":\"https:\/\/prades.cat\/es\/alcaldia\/\",\"url\":\"https:\/\/prades.cat\/es\/alcaldia\/\",\"name\":\"Alcald\u00eda - Prades\",\"isPartOf\":{\"@id\":\"https:\/\/prades.cat\/es\/#website\"},\"primaryImageOfPage\":{\"@id\":\"https:\/\/prades.cat\/es\/alcaldia\/#primaryimage\"},\"image\":{\"@id\":\"https:\/\/prades.cat\/es\/alcaldia\/#primaryimage\"},\"thumbnailUrl\":\"https:\/\/prades.cat\/wp-content\/uploads\/2017\/01\/Bargas4.jpg\",\"datePublished\":\"2017-01-26T11:23:26+00:00\",\"dateModified\":\"2023-12-04T09:33:52+00:00\",\"breadcrumb\":{\"@id\":\"https:\/\/prades.cat\/es\/alcaldia\/#breadcrumb\"},\"inLanguage\":\"es\",\"potentialAction\":[{\"@type\":\"ReadAction\",\"target\":[\"https:\/\/prades.cat\/es\/alcaldia\/\"]}]},{\"@type\":\"ImageObject\",\"inLanguage\":\"es\",\"@id\":\"https:\/\/prades.cat\/es\/alcaldia\/#primaryimage\",\"url\":\"https:\/\/prades.cat\/wp-content\/uploads\/2017\/01\/Bargas4.jpg\",\"contentUrl\":\"https:\/\/prades.cat\/wp-content\/uploads\/2017\/01\/Bargas4.jpg\",\"width\":2496,\"height\":3720,\"caption\":\"L\u00eddia Bargas Musoy, alcaldessa de Prades\"},{\"@type\":\"BreadcrumbList\",\"@id\":\"https:\/\/prades.cat\/es\/alcaldia\/#breadcrumb\",\"itemListElement\":[{\"@type\":\"ListItem\",\"position\":1,\"name\":\"Inici\",\"item\":\"https:\/\/prades.cat\/es\/\"},{\"@type\":\"ListItem\",\"position\":2,\"name\":\"Alcald\u00eda\"}]},{\"@type\":\"WebSite\",\"@id\":\"https:\/\/prades.cat\/es\/#website\",\"url\":\"https:\/\/prades.cat\/es\/\",\"name\":\"Prades\",\"description\":\"Web de l&#039;Ajuntament de Prades\",\"potentialAction\":[{\"@type\":\"SearchAction\",\"target\":{\"@type\":\"EntryPoint\",\"urlTemplate\":\"https:\/\/prades.cat\/es\/?s={search_term_string}\"},\"query-input\":\"required name=search_term_string\"}],\"inLanguage\":\"es\"}]}<\/script>\n<!-- \/ Yoast SEO plugin. -->","yoast_head_json":{"title":"Alcald\u00eda - Prades","robots":{"index":"index","follow":"follow","max-snippet":"max-snippet:-1","max-image-preview":"max-image-preview:large","max-video-preview":"max-video-preview:-1"},"canonical":"https:\/\/prades.cat\/es\/alcaldia\/","og_locale":"es_ES","og_type":"article","og_title":"Alcald\u00eda - Prades","og_description":"BIENVENIDOS A VUESTRA CASA! Siempre he dicho que Prades vendr\u00eda a ser una especie de Hollywood catal\u00e1n.&#13; Me explico, al igual que Hollywood ha marcado el imaginario colectivo americano, en Prades podr\u00e1 encontrar todo lo que est\u00e1 vinculado con Catalu\u00f1a: una gastronom\u00eda inmejorable, un entorno...","og_url":"https:\/\/prades.cat\/es\/alcaldia\/","og_site_name":"Prades","article_modified_time":"2023-12-04T09:33:52+00:00","og_image":[{"width":687,"height":1024,"url":"https:\/\/prades.cat\/wp-content\/uploads\/2017\/01\/Bargas4-687x1024.jpg","type":"image\/jpeg"}],"twitter_card":"summary_large_image","twitter_misc":{"Tiempo de lectura":"1 minuto"},"schema":{"@context":"https:\/\/schema.org","@graph":[{"@type":"WebPage","@id":"https:\/\/prades.cat\/es\/alcaldia\/","url":"https:\/\/prades.cat\/es\/alcaldia\/","name":"Alcald\u00eda - Prades","isPartOf":{"@id":"https:\/\/prades.cat\/es\/#website"},"primaryImageOfPage":{"@id":"https:\/\/prades.cat\/es\/alcaldia\/#primaryimage"},"image":{"@id":"https:\/\/prades.cat\/es\/alcaldia\/#primaryimage"},"thumbnailUrl":"https:\/\/prades.cat\/wp-content\/uploads\/2017\/01\/Bargas4.jpg","datePublished":"2017-01-26T11:23:26+00:00","dateModified":"2023-12-04T09:33:52+00:00","breadcrumb":{"@id":"https:\/\/prades.cat\/es\/alcaldia\/#breadcrumb"},"inLanguage":"es","potentialAction":[{"@type":"ReadAction","target":["https:\/\/prades.cat\/es\/alcaldia\/"]}]},{"@type":"ImageObject","inLanguage":"es","@id":"https:\/\/prades.cat\/es\/alcaldia\/#primaryimage","url":"https:\/\/prades.cat\/wp-content\/uploads\/2017\/01\/Bargas4.jpg","contentUrl":"https:\/\/prades.cat\/wp-content\/uploads\/2017\/01\/Bargas4.jpg","width":2496,"height":3720,"caption":"L\u00eddia Bargas Musoy, alcaldessa de Prades"},{"@type":"BreadcrumbList","@id":"https:\/\/prades.cat\/es\/alcaldia\/#breadcrumb","itemListElement":[{"@type":"ListItem","position":1,"name":"Inici","item":"https:\/\/prades.cat\/es\/"},{"@type":"ListItem","position":2,"name":"Alcald\u00eda"}]},{"@type":"WebSite","@id":"https:\/\/prades.cat\/es\/#website","url":"https:\/\/prades.cat\/es\/","name":"Prades","description":"Web de l&#039;Ajuntament de Prades","potentialAction":[{"@type":"SearchAction","target":{"@type":"EntryPoint","urlTemplate":"https:\/\/prades.cat\/es\/?s={search_term_string}"},"query-input":"required name=search_term_string"}],"inLanguage":"es"}]}},"_links":{"self":[{"href":"https:\/\/prades.cat\/es\/wp-json\/wp\/v2\/pages\/1602"}],"collection":[{"href":"https:\/\/prades.cat\/es\/wp-json\/wp\/v2\/pages"}],"about":[{"href":"https:\/\/prades.cat\/es\/wp-json\/wp\/v2\/types\/page"}],"author":[{"embeddable":true,"href":"https:\/\/prades.cat\/es\/wp-json\/wp\/v2\/users\/1"}],"replies":[{"embeddable":true,"href":"https:\/\/prades.cat\/es\/wp-json\/wp\/v2\/comments?post=1602"}],"version-history":[{"count":5,"href":"https:\/\/prades.cat\/es\/wp-json\/wp\/v2\/pages\/1602\/revisions"}],"predecessor-version":[{"id":7864,"href":"https:\/\/prades.cat\/es\/wp-json\/wp\/v2\/pages\/1602\/revisions\/7864"}],"wp:featuredmedia":[{"embeddable":true,"href":"https:\/\/prades.cat\/es\/wp-json\/wp\/v2\/media\/1603"}],"wp:attachment":[{"href":"https:\/\/prades.cat\/es\/wp-json\/wp\/v2\/media?parent=1602"}],"curies":[{"name":"wp","href":"https:\/\/api.w.org\/{rel}","templated":true}]}}

Alcaldía

<p></p>

<p></p>

<p></p>

<p><strong>BIENVENIDOS A VUESTRA CASA!</strong></p>
<div class="wp-block-image">
<figure class="alignright is-resized"><a href="https://prades.cat/wp-content/uploads/2023/11/Llorenc-pagina-web.jpg"><img decoding="async" loading="lazy" width="736" height="993" src="https://prades.cat/wp-content/uploads/2023/11/Llorenc-pagina-web.jpg" alt="Lloren&#xE7;" class="wp-image-7810" style="aspect-ratio:0.7411883182275931;width:220px;height:auto" srcset="https://prades.cat/wp-content/uploads/2023/11/Llorenc-pagina-web.jpg 736w, https://prades.cat/wp-content/uploads/2023/11/Llorenc-pagina-web-222x300.jpg 222w, https://prades.cat/wp-content/uploads/2023/11/Llorenc-pagina-web-700x944.jpg 700w" sizes="(max-width: 736px) 100vw, 736px" /></a></figure></div>
<p>Siempre he dicho que Prades vendría a ser una especie de Hollywood catalán.&#13;
Me explico, al igual que Hollywood ha marcado el imaginario colectivo americano, en Prades podrá encontrar todo lo que está vinculado con Cataluña: una gastronomía inmejorable, un entorno natural único, productos propios y genuinos, una oferta cultural auténtica y, sobre todo, una forma de hacer que consigue que nadie se sienta de fuera, que todo el mundo interprete el anhelo de Prades como una cosa propia.&#13;
​</p>

<p>Por eso siempre he defendido que lo mejor que tenemos en Prades es el talante de nuestra gente, hayan nacido en el pueblo o sean de fuera de la villa. Todos y todas somos Prades. Somos un pueblo que viene de lejos pero que mira el futuro con optimismo y esperanza, que va más lejos todavía. Un pueblo que sabe diversificarse, adaptarse a los tiempos sin perder la identidad y ganar los retos que nos plantea la realidad. Un pueblo donde nadie es forastero. Un pueblo orgulloso de su razón de ser.&#13;
Esta página web le permitirá conocer una buena parte de esta identidad&#13;
única que nos singulariza. Os aliento a que nos conozca directamente y venga a Prades a disfrutar de las actividades, lugares o entornos que considere&#13;
más atractivos. No se arrepentirá, puede estar seguro.</p>

<p>Por tanto, os animo a adentraros por las calles, a disfrutar del bosque, a perderse&#13;
por los rincones de nuestra villa, a disfrutar de todos los sabores, en definitiva, a conectaros con la vida.</p>

<p>Bienvenidos a Prades, bienvenidos a vuestra casa.</p>

<p></p>

<p><strong>Llorenç Torruella</strong>&#13;
Alcalde de Prades</p>

<p></p>

<p>BIENVENIDOS A VUESTRA CASA! Siempre he dicho que Prades vendría a ser una especie de Hollywood catalán.&#13; Me explico, al igual que Hollywood ha marcado el imaginario colectivo americano, en Prades podrá encontrar todo lo que está vinculado con Cataluña: una gastronomía inmejorable, un entorno&#8230;</p>

<!-- This site is optimized with the Yoast SEO plugin v22.6 - https://yoast.com/wordpress/plugins/seo/ -->
<title>Alcaldía - Prades</title>
<meta name="robots" content="index, follow, max-snippet:-1, max-image-preview:large, max-video-preview:-1" />
<link rel="canonical" href="https://prades.cat/es/alcaldia/" />
<meta property="og:locale" content="es_ES" />
<meta property="og:type" content="article" />
<meta property="og:title" content="Alcaldía - Prades" />
<meta property="og:description" content="BIENVENIDOS A VUESTRA CASA! Siempre he dicho que Prades vendría a ser una especie de Hollywood catalán.&#013; Me explico, al igual que Hollywood ha marcado el imaginario colectivo americano, en Prades podrá encontrar todo lo que está vinculado con Cataluña: una gastronomía inmejorable, un entorno..." />
<meta property="og:url" content="https://prades.cat/es/alcaldia/" />
<meta property="og:site_name" content="Prades" />
<meta property="article:modified_time" content="2023-12-04T09:33:52+00:00" />
<meta property="og:image" content="https://prades.cat/wp-content/uploads/2017/01/Bargas4-687x1024.jpg" />
	<meta property="og:image:width" content="687" />
	<meta property="og:image:height" content="1024" />
	<meta property="og:image:type" content="image/jpeg" />
<meta name="twitter:card" content="summary_large_image" />
<meta name="twitter:label1" content="Tiempo de lectura" />
	<meta name="twitter:data1" content="1 minuto" />
<script type="application/ld+json" class="yoast-schema-graph">{"@context":"https://schema.org","@graph":[{"@type":"WebPage","@id":"https://prades.cat/es/alcaldia/","url":"https://prades.cat/es/alcaldia/","name":"Alcaldía - Prades","isPartOf":{"@id":"https://prades.cat/es/#website"},"primaryImageOfPage":{"@id":"https://prades.cat/es/alcaldia/#primaryimage"},"image":{"@id":"https://prades.cat/es/alcaldia/#primaryimage"},"thumbnailUrl":"https://prades.cat/wp-content/uploads/2017/01/Bargas4.jpg","datePublished":"2017-01-26T11:23:26+00:00","dateModified":"2023-12-04T09:33:52+00:00","breadcrumb":{"@id":"https://prades.cat/es/alcaldia/#breadcrumb"},"inLanguage":"es","potentialAction":[{"@type":"ReadAction","target":["https://prades.cat/es/alcaldia/"]}]},{"@type":"ImageObject","inLanguage":"es","@id":"https://prades.cat/es/alcaldia/#primaryimage","url":"https://prades.cat/wp-content/uploads/2017/01/Bargas4.jpg","contentUrl":"https://prades.cat/wp-content/uploads/2017/01/Bargas4.jpg","width":2496,"height":3720,"caption":"Lídia Bargas Musoy, alcaldessa de Prades"},{"@type":"BreadcrumbList","@id":"https://prades.cat/es/alcaldia/#breadcrumb","itemListElement":[{"@type":"ListItem","position":1,"name":"Inici","item":"https://prades.cat/es/"},{"@type":"ListItem","position":2,"name":"Alcaldía"}]},{"@type":"WebSite","@id":"https://prades.cat/es/#website","url":"https://prades.cat/es/","name":"Prades","description":"Web de l&#039;Ajuntament de Prades","potentialAction":[{"@type":"SearchAction","target":{"@type":"EntryPoint","urlTemplate":"https://prades.cat/es/?s={search_term_string}"},"query-input":"required name=search_term_string"}],"inLanguage":"es"}]}</script>
<!-- / Yoast SEO plugin. -->

Alcaldía - Prades

BIENVENIDOS A VUESTRA CASA! Siempre he dicho que Prades vendría a ser una especie de Hollywood catalán.&#13; Me explico, al igual que Hollywood ha marcado el imaginario colectivo americano, en Prades podrá encontrar todo lo que está vinculado con Cataluña: una gastronomía inmejorable, un entorno...

Lídia Bargas Musoy, alcaldessa de Prades
