{"id":1566,"date":"2017-06-08T00:32:04","date_gmt":"2017-06-07T23:32:04","guid":{"rendered":"https:\/\/prades.cat\/contacte\/"},"modified":"2018-02-09T10:09:15","modified_gmt":"2018-02-09T09:09:15","slug":"contacte","status":"publish","type":"page","link":"https:\/\/prades.cat\/es\/contacte\/","title":{"rendered":"Contacto"},"content":{"rendered":"<section class=\"wpb-content-wrapper\"><p>[vc_row css_animation=\u00bb\u00bb row_type=\u00bbrow\u00bb use_row_as_full_screen_section=\u00bbno\u00bb type=\u00bbfull_width\u00bb angled_section=\u00bbno\u00bb text_align=\u00bbleft\u00bb background_image_as_pattern=\u00bbwithout_pattern\u00bb css=\u00bb.vc_custom_1496878412629{margin-bottom: 30px !important;}\u00bb][vc_column width=\u00bb1\/2&#8243;][vc_column_text]<\/p>\n<h2>Datos de contacto<\/h2>\n<h4>Direcci\u00f3n:<\/h4>\n<p>Pla\u00e7a Major, 2<br \/>\n43364 Prades<\/p>\n<h4>Tel\u00e9fono:<\/h4>\n<p>977 868 018<\/p>\n<h4>Horario de atenci\u00f3n al p\u00fablico:<\/h4>\n<p>De lunes a viernes, de 8 a 15h[\/vc_column_text][\/vc_column][vc_column width=\u00bb1\/2&#8243; el_class=\u00bbcontact-form-container\u00bb][vc_column_text]<\/p>\n<h2>Formulario de contacto<\/h2>\n<p>[contact-form-7 id=\u00bb606&#8243;][\/vc_column_text][\/vc_column][\/vc_row][vc_row css_animation=\u00bb\u00bb row_type=\u00bbrow\u00bb use_row_as_full_screen_section=\u00bbno\u00bb type=\u00bbfull_width\u00bb angled_section=\u00bbno\u00bb text_align=\u00bbleft\u00bb background_image_as_pattern=\u00bbwithout_pattern\u00bb css=\u00bb.vc_custom_1496878439262{margin-bottom: 30px !important;}\u00bb][vc_column][vc_column_text]<\/p>\n<h2>Mapa<\/h2>\n<p>[\/vc_column_text][vc_gmaps link=\u00bb#E-8_JTNDaWZyYW1lJTIwd2lkdGglM0QlMjIzODAlMjIlMjBoZWlnaHQlM0QlMjIzNDAlMjIlMjBmcmFtZWJvcmRlciUzRCUyMjAlMjIlMjBzY3JvbGxpbmclM0QlMjJubyUyMiUyMG1hcmdpbmhlaWdodCUzRCUyMjAlMjIlMjBtYXJnaW53aWR0aCUzRCUyMjAlMjIlMjBzcmMlM0QlMjJodHRwcyUzQSUyRiUyRm1hcHMuZ29vZ2xlLmVzJTJGbWFwcyUzRmYlM0RxJTI2YW1wJTNCc291cmNlJTNEc19xJTI2YW1wJTNCaGwlM0RjYSUyNmFtcCUzQmdlb2NvZGUlM0QlMjZhbXAlM0JxJTNEUGxhJTI1QzMlMjVBN2ElMkJNYWpvciUyQyUyQjIlMkMlMkJQcmFkZXMlMjZhbXAlM0JhcSUzRDAlMjZhbXAlM0JvcSUzRHBsYSUyNUMzJTI1QTdhJTJCbWFqb3IlMkIyJTJCUHJhZGVzJTI2YW1wJTNCc2xsJTNENDEuMzA4NzYlMkMwLjk4ODQ0NSUyNmFtcCUzQnNzcG4lM0QwLjE0NjIyNCUyQzAuMzYzNTc5JTI2YW1wJTNCaWUlM0RVVEY4JTI2YW1wJTNCaHElM0QlMjZhbXAlM0JobmVhciUzRFBsYSUyNUMzJTI1QTdhJTJCTWFqb3IlMkMlMkIyJTJDJTJCNDMzNjQlMkJQcmFkZXMlMkMlMkJUYXJyYWdvbmElMkMlMkJDYXRhbHVueWElMjZhbXAlM0J0JTNEbSUyNmFtcCUzQmxsJTNENDEuMzE2MTElMkMwLjk4ODY4NCUyNmFtcCUzQnNwbiUzRDAuMDIxOTE4JTJDMC4wMzI1MyUyNmFtcCUzQnolM0QxNCUyNmFtcCUzQml3bG9jJTNEQSUyNmFtcCUzQm91dHB1dCUzRGVtYmVkJTIyJTNFJTNDJTJGaWZyYW1lJTNF\u00bb][\/vc_column][\/vc_row]<\/p>\n<\/section>","protected":false},"excerpt":{"rendered":"<p>[vc_row css_animation=\u00bb\u00bb row_type=\u00bbrow\u00bb use_row_as_full_screen_section=\u00bbno\u00bb type=\u00bbfull_width\u00bb angled_section=\u00bbno\u00bb text_align=\u00bbleft\u00bb background_image_as_pattern=\u00bbwithout_pattern\u00bb css=\u00bb.vc_custom_1496878412629{margin-bottom: 30px !important;}\u00bb][vc_column width=\u00bb1\/2&#8243;][vc_column_text] Datos de contacto Direcci\u00f3n: Pla\u00e7a Major, 2 43364 Prades Tel\u00e9fono: 977 868 018 Horario de atenci\u00f3n al p\u00fablico: De lunes a viernes, de 8 a 15h[\/vc_column_text][\/vc_column][vc_column width=\u00bb1\/2&#8243; el_class=\u00bbcontact-form-container\u00bb][vc_column_text] Formulario de contacto [contact-form-7 id=\u00bb606&#8243;][\/vc_column_text][\/vc_column][\/vc_row][vc_row&#8230;<\/p>\n","protected":false},"author":1,"featured_media":0,"parent":0,"menu_order":0,"comment_status":"closed","ping_status":"closed","template":"","meta":{"footnotes":""},"acf":[],"yoast_head":"<!-- This site is optimized with the Yoast SEO plugin v22.6 - https:\/\/yoast.com\/wordpress\/plugins\/seo\/ -->\n<title>Contacto - Prades<\/title>\n<meta name=\"robots\" content=\"index, follow, max-snippet:-1, max-image-preview:large, max-video-preview:-1\" \/>\n<link rel=\"canonical\" href=\"https:\/\/prades.cat\/es\/contacte\/\" \/>\n<meta property=\"og:locale\" content=\"es_ES\" \/>\n<meta property=\"og:type\" content=\"article\" \/>\n<meta property=\"og:title\" content=\"Contacto - Prades\" \/>\n<meta property=\"og:description\" content=\"[vc_row css_animation=\u00bb\u00bb row_type=\u00bbrow\u00bb use_row_as_full_screen_section=\u00bbno\u00bb type=\u00bbfull_width\u00bb angled_section=\u00bbno\u00bb text_align=\u00bbleft\u00bb background_image_as_pattern=\u00bbwithout_pattern\u00bb css=\u00bb.vc_custom_1496878412629{margin-bottom: 30px !important;}\u00bb][vc_column width=\u00bb1\/2&#8243;][vc_column_text] Datos de contacto Direcci\u00f3n: Pla\u00e7a Major, 2 43364 Prades Tel\u00e9fono: 977 868 018 Horario de atenci\u00f3n al p\u00fablico: De lunes a viernes, de 8 a 15h[\/vc_column_text][\/vc_column][vc_column width=\u00bb1\/2&#8243; el_class=\u00bbcontact-form-container\u00bb][vc_column_text] Formulario de contacto [contact-form-7 id=\u00bb606&#8243;][\/vc_column_text][\/vc_column][\/vc_row][vc_row...\" \/>\n<meta property=\"og:url\" content=\"https:\/\/prades.cat\/es\/contacte\/\" \/>\n<meta property=\"og:site_name\" content=\"Prades\" \/>\n<meta property=\"article:modified_time\" content=\"2018-02-09T09:09:15+00:00\" \/>\n<meta name=\"twitter:card\" content=\"summary_large_image\" \/>\n<meta name=\"twitter:label1\" content=\"Tiempo de lectura\" \/>\n\t<meta name=\"twitter:data1\" content=\"1 minuto\" \/>\n<script type=\"application\/ld+json\" class=\"yoast-schema-graph\">{\"@context\":\"https:\/\/schema.org\",\"@graph\":[{\"@type\":\"WebPage\",\"@id\":\"https:\/\/prades.cat\/es\/contacte\/\",\"url\":\"https:\/\/prades.cat\/es\/contacte\/\",\"name\":\"Contacto - Prades\",\"isPartOf\":{\"@id\":\"https:\/\/prades.cat\/es\/#website\"},\"datePublished\":\"2017-06-07T23:32:04+00:00\",\"dateModified\":\"2018-02-09T09:09:15+00:00\",\"breadcrumb\":{\"@id\":\"https:\/\/prades.cat\/es\/contacte\/#breadcrumb\"},\"inLanguage\":\"es\",\"potentialAction\":[{\"@type\":\"ReadAction\",\"target\":[\"https:\/\/prades.cat\/es\/contacte\/\"]}]},{\"@type\":\"BreadcrumbList\",\"@id\":\"https:\/\/prades.cat\/es\/contacte\/#breadcrumb\",\"itemListElement\":[{\"@type\":\"ListItem\",\"position\":1,\"name\":\"Inici\",\"item\":\"https:\/\/prades.cat\/es\/\"},{\"@type\":\"ListItem\",\"position\":2,\"name\":\"Contacto\"}]},{\"@type\":\"WebSite\",\"@id\":\"https:\/\/prades.cat\/es\/#website\",\"url\":\"https:\/\/prades.cat\/es\/\",\"name\":\"Prades\",\"description\":\"Web de l&#039;Ajuntament de Prades\",\"potentialAction\":[{\"@type\":\"SearchAction\",\"target\":{\"@type\":\"EntryPoint\",\"urlTemplate\":\"https:\/\/prades.cat\/es\/?s={search_term_string}\"},\"query-input\":\"required name=search_term_string\"}],\"inLanguage\":\"es\"}]}<\/script>\n<!-- \/ Yoast SEO plugin. -->","yoast_head_json":{"title":"Contacto - Prades","robots":{"index":"index","follow":"follow","max-snippet":"max-snippet:-1","max-image-preview":"max-image-preview:large","max-video-preview":"max-video-preview:-1"},"canonical":"https:\/\/prades.cat\/es\/contacte\/","og_locale":"es_ES","og_type":"article","og_title":"Contacto - Prades","og_description":"[vc_row css_animation=\u00bb\u00bb row_type=\u00bbrow\u00bb use_row_as_full_screen_section=\u00bbno\u00bb type=\u00bbfull_width\u00bb angled_section=\u00bbno\u00bb text_align=\u00bbleft\u00bb background_image_as_pattern=\u00bbwithout_pattern\u00bb css=\u00bb.vc_custom_1496878412629{margin-bottom: 30px !important;}\u00bb][vc_column width=\u00bb1\/2&#8243;][vc_column_text] Datos de contacto Direcci\u00f3n: Pla\u00e7a Major, 2 43364 Prades Tel\u00e9fono: 977 868 018 Horario de atenci\u00f3n al p\u00fablico: De lunes a viernes, de 8 a 15h[\/vc_column_text][\/vc_column][vc_column width=\u00bb1\/2&#8243; el_class=\u00bbcontact-form-container\u00bb][vc_column_text] Formulario de contacto [contact-form-7 id=\u00bb606&#8243;][\/vc_column_text][\/vc_column][\/vc_row][vc_row...","og_url":"https:\/\/prades.cat\/es\/contacte\/","og_site_name":"Prades","article_modified_time":"2018-02-09T09:09:15+00:00","twitter_card":"summary_large_image","twitter_misc":{"Tiempo de lectura":"1 minuto"},"schema":{"@context":"https:\/\/schema.org","@graph":[{"@type":"WebPage","@id":"https:\/\/prades.cat\/es\/contacte\/","url":"https:\/\/prades.cat\/es\/contacte\/","name":"Contacto - Prades","isPartOf":{"@id":"https:\/\/prades.cat\/es\/#website"},"datePublished":"2017-06-07T23:32:04+00:00","dateModified":"2018-02-09T09:09:15+00:00","breadcrumb":{"@id":"https:\/\/prades.cat\/es\/contacte\/#breadcrumb"},"inLanguage":"es","potentialAction":[{"@type":"ReadAction","target":["https:\/\/prades.cat\/es\/contacte\/"]}]},{"@type":"BreadcrumbList","@id":"https:\/\/prades.cat\/es\/contacte\/#breadcrumb","itemListElement":[{"@type":"ListItem","position":1,"name":"Inici","item":"https:\/\/prades.cat\/es\/"},{"@type":"ListItem","position":2,"name":"Contacto"}]},{"@type":"WebSite","@id":"https:\/\/prades.cat\/es\/#website","url":"https:\/\/prades.cat\/es\/","name":"Prades","description":"Web de l&#039;Ajuntament de Prades","potentialAction":[{"@type":"SearchAction","target":{"@type":"EntryPoint","urlTemplate":"https:\/\/prades.cat\/es\/?s={search_term_string}"},"query-input":"required name=search_term_string"}],"inLanguage":"es"}]}},"_links":{"self":[{"href":"https:\/\/prades.cat\/es\/wp-json\/wp\/v2\/pages\/1566"}],"collection":[{"href":"https:\/\/prades.cat\/es\/wp-json\/wp\/v2\/pages"}],"about":[{"href":"https:\/\/prades.cat\/es\/wp-json\/wp\/v2\/types\/page"}],"author":[{"embeddable":true,"href":"https:\/\/prades.cat\/es\/wp-json\/wp\/v2\/users\/1"}],"replies":[{"embeddable":true,"href":"https:\/\/prades.cat\/es\/wp-json\/wp\/v2\/comments?post=1566"}],"version-history":[{"count":2,"href":"https:\/\/prades.cat\/es\/wp-json\/wp\/v2\/pages\/1566\/revisions"}],"predecessor-version":[{"id":1992,"href":"https:\/\/prades.cat\/es\/wp-json\/wp\/v2\/pages\/1566\/revisions\/1992"}],"wp:attachment":[{"href":"https:\/\/prades.cat\/es\/wp-json\/wp\/v2\/media?parent=1566"}],"curies":[{"name":"wp","href":"https:\/\/api.w.org\/{rel}","templated":true}]}}

<section class="wpb-content-wrapper"><p>[vc_row css_animation=»» row_type=»row» use_row_as_full_screen_section=»no» type=»full_width» angled_section=»no» text_align=»left» background_image_as_pattern=»without_pattern» css=».vc_custom_1496878412629{margin-bottom: 30px !important;}»][vc_column width=»1/2&#8243;][vc_column_text]</p>
<h2>Datos de contacto</h2>
<h4>Dirección:</h4>
<p>Plaça Major, 2<br />
43364 Prades</p>
<h4>Teléfono:</h4>
<p>977 868 018</p>
<h4>Horario de atención al público:</h4>
<p>De lunes a viernes, de 8 a 15h[/vc_column_text][/vc_column][vc_column width=»1/2&#8243; el_class=»contact-form-container»][vc_column_text]</p>
<h2>Formulario de contacto</h2>
<p>[contact-form-7 id=»606&#8243;][/vc_column_text][/vc_column][/vc_row][vc_row css_animation=»» row_type=»row» use_row_as_full_screen_section=»no» type=»full_width» angled_section=»no» text_align=»left» background_image_as_pattern=»without_pattern» css=».vc_custom_1496878439262{margin-bottom: 30px !important;}»][vc_column][vc_column_text]</p>
<h2>Mapa</h2>
<p>[/vc_column_text][vc_gmaps link=»#E-8_JTNDaWZyYW1lJTIwd2lkdGglM0QlMjIzODAlMjIlMjBoZWlnaHQlM0QlMjIzNDAlMjIlMjBmcmFtZWJvcmRlciUzRCUyMjAlMjIlMjBzY3JvbGxpbmclM0QlMjJubyUyMiUyMG1hcmdpbmhlaWdodCUzRCUyMjAlMjIlMjBtYXJnaW53aWR0aCUzRCUyMjAlMjIlMjBzcmMlM0QlMjJodHRwcyUzQSUyRiUyRm1hcHMuZ29vZ2xlLmVzJTJGbWFwcyUzRmYlM0RxJTI2YW1wJTNCc291cmNlJTNEc19xJTI2YW1wJTNCaGwlM0RjYSUyNmFtcCUzQmdlb2NvZGUlM0QlMjZhbXAlM0JxJTNEUGxhJTI1QzMlMjVBN2ElMkJNYWpvciUyQyUyQjIlMkMlMkJQcmFkZXMlMjZhbXAlM0JhcSUzRDAlMjZhbXAlM0JvcSUzRHBsYSUyNUMzJTI1QTdhJTJCbWFqb3IlMkIyJTJCUHJhZGVzJTI2YW1wJTNCc2xsJTNENDEuMzA4NzYlMkMwLjk4ODQ0NSUyNmFtcCUzQnNzcG4lM0QwLjE0NjIyNCUyQzAuMzYzNTc5JTI2YW1wJTNCaWUlM0RVVEY4JTI2YW1wJTNCaHElM0QlMjZhbXAlM0JobmVhciUzRFBsYSUyNUMzJTI1QTdhJTJCTWFqb3IlMkMlMkIyJTJDJTJCNDMzNjQlMkJQcmFkZXMlMkMlMkJUYXJyYWdvbmElMkMlMkJDYXRhbHVueWElMjZhbXAlM0J0JTNEbSUyNmFtcCUzQmxsJTNENDEuMzE2MTElMkMwLjk4ODY4NCUyNmFtcCUzQnNwbiUzRDAuMDIxOTE4JTJDMC4wMzI1MyUyNmFtcCUzQnolM0QxNCUyNmFtcCUzQml3bG9jJTNEQSUyNmFtcCUzQm91dHB1dCUzRGVtYmVkJTIyJTNFJTNDJTJGaWZyYW1lJTNF»][/vc_column][/vc_row]</p>
</section>

<p>[vc_row css_animation=»» row_type=»row» use_row_as_full_screen_section=»no» type=»full_width» angled_section=»no» text_align=»left» background_image_as_pattern=»without_pattern» css=».vc_custom_1496878412629{margin-bottom: 30px !important;}»][vc_column width=»1/2&#8243;][vc_column_text] Datos de contacto Dirección: Plaça Major, 2 43364 Prades Teléfono: 977 868 018 Horario de atención al público: De lunes a viernes, de 8 a 15h[/vc_column_text][/vc_column][vc_column width=»1/2&#8243; el_class=»contact-form-container»][vc_column_text] Formulario de contacto [contact-form-7 id=»606&#8243;][/vc_column_text][/vc_column][/vc_row][vc_row&#8230;</p>

<!-- This site is optimized with the Yoast SEO plugin v22.6 - https://yoast.com/wordpress/plugins/seo/ -->
<title>Contacto - Prades</title>
<meta name="robots" content="index, follow, max-snippet:-1, max-image-preview:large, max-video-preview:-1" />
<link rel="canonical" href="https://prades.cat/es/contacte/" />
<meta property="og:locale" content="es_ES" />
<meta property="og:type" content="article" />
<meta property="og:title" content="Contacto - Prades" />
<meta property="og:description" content="[vc_row css_animation=»» row_type=»row» use_row_as_full_screen_section=»no» type=»full_width» angled_section=»no» text_align=»left» background_image_as_pattern=»without_pattern» css=».vc_custom_1496878412629{margin-bottom: 30px !important;}»][vc_column width=»1/2&#8243;][vc_column_text] Datos de contacto Dirección: Plaça Major, 2 43364 Prades Teléfono: 977 868 018 Horario de atención al público: De lunes a viernes, de 8 a 15h[/vc_column_text][/vc_column][vc_column width=»1/2&#8243; el_class=»contact-form-container»][vc_column_text] Formulario de contacto [contact-form-7 id=»606&#8243;][/vc_column_text][/vc_column][/vc_row][vc_row..." />
<meta property="og:url" content="https://prades.cat/es/contacte/" />
<meta property="og:site_name" content="Prades" />
<meta property="article:modified_time" content="2018-02-09T09:09:15+00:00" />
<meta name="twitter:card" content="summary_large_image" />
<meta name="twitter:label1" content="Tiempo de lectura" />
	<meta name="twitter:data1" content="1 minuto" />
<script type="application/ld+json" class="yoast-schema-graph">{"@context":"https://schema.org","@graph":[{"@type":"WebPage","@id":"https://prades.cat/es/contacte/","url":"https://prades.cat/es/contacte/","name":"Contacto - Prades","isPartOf":{"@id":"https://prades.cat/es/#website"},"datePublished":"2017-06-07T23:32:04+00:00","dateModified":"2018-02-09T09:09:15+00:00","breadcrumb":{"@id":"https://prades.cat/es/contacte/#breadcrumb"},"inLanguage":"es","potentialAction":[{"@type":"ReadAction","target":["https://prades.cat/es/contacte/"]}]},{"@type":"BreadcrumbList","@id":"https://prades.cat/es/contacte/#breadcrumb","itemListElement":[{"@type":"ListItem","position":1,"name":"Inici","item":"https://prades.cat/es/"},{"@type":"ListItem","position":2,"name":"Contacto"}]},{"@type":"WebSite","@id":"https://prades.cat/es/#website","url":"https://prades.cat/es/","name":"Prades","description":"Web de l&#039;Ajuntament de Prades","potentialAction":[{"@type":"SearchAction","target":{"@type":"EntryPoint","urlTemplate":"https://prades.cat/es/?s={search_term_string}"},"query-input":"required name=search_term_string"}],"inLanguage":"es"}]}</script>
<!-- / Yoast SEO plugin. -->

[vc_row css_animation=»» row_type=»row» use_row_as_full_screen_section=»no» type=»full_width» angled_section=»no» text_align=»left» background_image_as_pattern=»without_pattern» css=».vc_custom_1496878412629{margin-bottom: 30px !important;}»][vc_column width=»1/2&#8243;][vc_column_text] Datos de contacto Dirección: Plaça Major, 2 43364 Prades Teléfono: 977 868 018 Horario de atención al público: De lunes a viernes, de 8 a 15h[/vc_column_text][/vc_column][vc_column width=»1/2&#8243; el_class=»contact-form-container»][vc_column_text] Formulario de contacto [contact-form-7 id=»606&#8243;][/vc_column_text][/vc_column][/vc_row][vc_row...
