{"id":2263,"date":"2018-05-31T21:07:49","date_gmt":"2018-05-31T20:07:49","guid":{"rendered":"https:\/\/prades.cat\/?page_id=2263"},"modified":"2018-05-31T21:16:39","modified_gmt":"2018-05-31T20:16:39","slug":"oficina-de-turisme","status":"publish","type":"page","link":"https:\/\/prades.cat\/en\/oficina-de-turisme\/","title":{"rendered":"Tourist Office"},"content":{"rendered":"<section class=\"wpb-content-wrapper\"><p>[vc_row css_animation=&#8221;&#8221; row_type=&#8221;row&#8221; use_row_as_full_screen_section=&#8221;no&#8221; type=&#8221;full_width&#8221; angled_section=&#8221;no&#8221; text_align=&#8221;left&#8221; background_image_as_pattern=&#8221;without_pattern&#8221;][vc_column][vc_column_text]Des de l\u2019<strong>Ajuntament de Prades<\/strong> s\u2019ha decidit impulsar l\u2019<strong>Oficina de Turisme<\/strong> i el <strong>Centre d\u2019Interpretaci\u00f3 de les Muntanyes de Prades<\/strong>, de manera que no es focalitza nom\u00e9s en l\u2019atenci\u00f3 al p\u00fablic, sin\u00f3 que a m\u00e9s a m\u00e9s, s\u2019aposta per una dinamitzaci\u00f3 del territori a partir de projectes com ara el de <strong>GUIES DE LES MUNTANYES DE PRADES<\/strong>. L\u2019objectiu principal d\u2019actuacions com aquesta \u00e9s donar a con\u00e8ixer l\u2019encara desconegut entorn natural de les <strong>Muntanyes de Prades<\/strong>, aix\u00ed com el seu patrimoni cultural i la hist\u00f2ria que s\u2019hi amaga.<\/p>\n<p>&nbsp;<\/p>\n<p><a href=\"\"><img decoding=\"async\" loading=\"lazy\" class=\"alignnone size-full wp-image-1343\" src=\"\" alt=\"\" width=\"3264\" height=\"1836\" \/><\/a><\/p>\n<p>[\/vc_column_text][vc_separator type=&#8221;transparent&#8221;][\/vc_column][\/vc_row][vc_row css_animation=&#8221;&#8221; row_type=&#8221;row&#8221; use_row_as_full_screen_section=&#8221;no&#8221; type=&#8221;full_width&#8221; angled_section=&#8221;no&#8221; text_align=&#8221;left&#8221; background_image_as_pattern=&#8221;without_pattern&#8221;][vc_column width=&#8221;1\/2&#8243;][vc_column_text]<\/p>\n<h3>Oficina Municipal de Turisme<\/h3>\n<p>C. Muralla, 3<br \/>\nTelf. 977 868 302<br \/>\nturisme@prades.cat<\/p>\n<p><strong>Horari d&#8217;atenci\u00f3 al p\u00fablic:<\/strong><\/p>\n<p><strong>Temporada alta (del 24 de juny al 11 de setembre):<\/strong><br \/>\nDe dilluns a dissabte, de 9 a 14 h i de 16 a 18 h<br \/>\nDiumenges i festius, de 9 a 14 h<br \/>\n<strong>Temporada baixa (resta de l&#8217;any):<\/strong><br \/>\nDissabtes, de 9 a 14 h i de 16 a 18 h<br \/>\nDiumenges i festius, de 9 a 14 h[\/vc_column_text][vc_separator type=&#8221;transparent&#8221;][\/vc_column][vc_column width=&#8221;1\/2&#8243;][vc_column_text]<\/p>\n<h3>Centre d&#8217;Interpretaci\u00f3 de les Muntanyes de Prades<\/h3>\n<p>C. Muralla, 3<br \/>\nTelf. 977 868 302<br \/>\nturisme@prades.cat<\/p>\n<p><strong>Horari d&#8217;atenci\u00f3 al p\u00fablic:<\/strong><\/p>\n<p><strong>Temporada alta (del 24 de juny al 11 de setembre)<\/strong><br \/>\nDe dilluns a dissabte, de 9 a 14 h i de 16 a 18 h<br \/>\nDiumenges i festius, de 9 a 14 h<br \/>\n<strong>Temporada baixa (resta de l&#8217;any)<\/strong><br \/>\nDissabtes, de 9 a 14 h i de 16 a 18 h<br \/>\nDiumenges i festius, de 9 a 14 h<\/p>\n<p><strong>Visites concertades tot l&#8217;any trucant al 977 868 302 \/ 977 868 018<\/strong>[\/vc_column_text][vc_separator type=&#8221;transparent&#8221;][\/vc_column][\/vc_row][vc_row css_animation=&#8221;&#8221; row_type=&#8221;row&#8221; use_row_as_full_screen_section=&#8221;no&#8221; type=&#8221;full_width&#8221; angled_section=&#8221;no&#8221; text_align=&#8221;left&#8221; background_image_as_pattern=&#8221;without_pattern&#8221;][vc_column][vc_separator type=&#8221;transparent&#8221;][\/vc_column][\/vc_row]<\/p>\n<\/section>","protected":false},"excerpt":{"rendered":"<p>[vc_row css_animation=&#8221;&#8221; row_type=&#8221;row&#8221; use_row_as_full_screen_section=&#8221;no&#8221; type=&#8221;full_width&#8221; angled_section=&#8221;no&#8221; text_align=&#8221;left&#8221; background_image_as_pattern=&#8221;without_pattern&#8221;][vc_column][vc_column_text]Des de l\u2019Ajuntament de Prades s\u2019ha decidit impulsar l\u2019Oficina de Turisme i el Centre d\u2019Interpretaci\u00f3 de les Muntanyes de Prades, de manera que no es focalitza nom\u00e9s en l\u2019atenci\u00f3 al p\u00fablic, sin\u00f3 que a m\u00e9s a m\u00e9s, s\u2019aposta&#8230;<\/p>\n","protected":false},"author":1,"featured_media":0,"parent":0,"menu_order":0,"comment_status":"closed","ping_status":"closed","template":"","meta":{"footnotes":""},"acf":[],"yoast_head":"<!-- This site is optimized with the Yoast SEO plugin v22.6 - https:\/\/yoast.com\/wordpress\/plugins\/seo\/ -->\n<title>Tourist Office - Prades<\/title>\n<meta name=\"robots\" content=\"index, follow, max-snippet:-1, max-image-preview:large, max-video-preview:-1\" \/>\n<link rel=\"canonical\" href=\"https:\/\/prades.cat\/en\/oficina-de-turisme\/\" \/>\n<meta property=\"og:locale\" content=\"en_US\" \/>\n<meta property=\"og:type\" content=\"article\" \/>\n<meta property=\"og:title\" content=\"Tourist Office - Prades\" \/>\n<meta property=\"og:description\" content=\"[vc_row css_animation=&#8221;&#8221; row_type=&#8221;row&#8221; use_row_as_full_screen_section=&#8221;no&#8221; type=&#8221;full_width&#8221; angled_section=&#8221;no&#8221; text_align=&#8221;left&#8221; background_image_as_pattern=&#8221;without_pattern&#8221;][vc_column][vc_column_text]Des de l\u2019Ajuntament de Prades s\u2019ha decidit impulsar l\u2019Oficina de Turisme i el Centre d\u2019Interpretaci\u00f3 de les Muntanyes de Prades, de manera que no es focalitza nom\u00e9s en l\u2019atenci\u00f3 al p\u00fablic, sin\u00f3 que a m\u00e9s a m\u00e9s, s\u2019aposta...\" \/>\n<meta property=\"og:url\" content=\"https:\/\/prades.cat\/en\/oficina-de-turisme\/\" \/>\n<meta property=\"og:site_name\" content=\"Prades\" \/>\n<meta property=\"article:modified_time\" content=\"2018-05-31T20:16:39+00:00\" \/>\n<meta name=\"twitter:card\" content=\"summary_large_image\" \/>\n<meta name=\"twitter:label1\" content=\"Est. reading time\" \/>\n\t<meta name=\"twitter:data1\" content=\"2 minutes\" \/>\n<script type=\"application\/ld+json\" class=\"yoast-schema-graph\">{\"@context\":\"https:\/\/schema.org\",\"@graph\":[{\"@type\":\"WebPage\",\"@id\":\"https:\/\/prades.cat\/en\/oficina-de-turisme\/\",\"url\":\"https:\/\/prades.cat\/en\/oficina-de-turisme\/\",\"name\":\"Tourist Office - Prades\",\"isPartOf\":{\"@id\":\"https:\/\/prades.cat\/en\/#website\"},\"datePublished\":\"2018-05-31T20:07:49+00:00\",\"dateModified\":\"2018-05-31T20:16:39+00:00\",\"breadcrumb\":{\"@id\":\"https:\/\/prades.cat\/en\/oficina-de-turisme\/#breadcrumb\"},\"inLanguage\":\"en-US\",\"potentialAction\":[{\"@type\":\"ReadAction\",\"target\":[\"https:\/\/prades.cat\/en\/oficina-de-turisme\/\"]}]},{\"@type\":\"BreadcrumbList\",\"@id\":\"https:\/\/prades.cat\/en\/oficina-de-turisme\/#breadcrumb\",\"itemListElement\":[{\"@type\":\"ListItem\",\"position\":1,\"name\":\"Inici\",\"item\":\"https:\/\/prades.cat\/en\/\"},{\"@type\":\"ListItem\",\"position\":2,\"name\":\"Tourist Office\"}]},{\"@type\":\"WebSite\",\"@id\":\"https:\/\/prades.cat\/en\/#website\",\"url\":\"https:\/\/prades.cat\/en\/\",\"name\":\"Prades\",\"description\":\"Web de l&#039;Ajuntament de Prades\",\"potentialAction\":[{\"@type\":\"SearchAction\",\"target\":{\"@type\":\"EntryPoint\",\"urlTemplate\":\"https:\/\/prades.cat\/en\/?s={search_term_string}\"},\"query-input\":\"required name=search_term_string\"}],\"inLanguage\":\"en-US\"}]}<\/script>\n<!-- \/ Yoast SEO plugin. -->","yoast_head_json":{"title":"Tourist Office - Prades","robots":{"index":"index","follow":"follow","max-snippet":"max-snippet:-1","max-image-preview":"max-image-preview:large","max-video-preview":"max-video-preview:-1"},"canonical":"https:\/\/prades.cat\/en\/oficina-de-turisme\/","og_locale":"en_US","og_type":"article","og_title":"Tourist Office - Prades","og_description":"[vc_row css_animation=&#8221;&#8221; row_type=&#8221;row&#8221; use_row_as_full_screen_section=&#8221;no&#8221; type=&#8221;full_width&#8221; angled_section=&#8221;no&#8221; text_align=&#8221;left&#8221; background_image_as_pattern=&#8221;without_pattern&#8221;][vc_column][vc_column_text]Des de l\u2019Ajuntament de Prades s\u2019ha decidit impulsar l\u2019Oficina de Turisme i el Centre d\u2019Interpretaci\u00f3 de les Muntanyes de Prades, de manera que no es focalitza nom\u00e9s en l\u2019atenci\u00f3 al p\u00fablic, sin\u00f3 que a m\u00e9s a m\u00e9s, s\u2019aposta...","og_url":"https:\/\/prades.cat\/en\/oficina-de-turisme\/","og_site_name":"Prades","article_modified_time":"2018-05-31T20:16:39+00:00","twitter_card":"summary_large_image","twitter_misc":{"Est. reading time":"2 minutes"},"schema":{"@context":"https:\/\/schema.org","@graph":[{"@type":"WebPage","@id":"https:\/\/prades.cat\/en\/oficina-de-turisme\/","url":"https:\/\/prades.cat\/en\/oficina-de-turisme\/","name":"Tourist Office - Prades","isPartOf":{"@id":"https:\/\/prades.cat\/en\/#website"},"datePublished":"2018-05-31T20:07:49+00:00","dateModified":"2018-05-31T20:16:39+00:00","breadcrumb":{"@id":"https:\/\/prades.cat\/en\/oficina-de-turisme\/#breadcrumb"},"inLanguage":"en-US","potentialAction":[{"@type":"ReadAction","target":["https:\/\/prades.cat\/en\/oficina-de-turisme\/"]}]},{"@type":"BreadcrumbList","@id":"https:\/\/prades.cat\/en\/oficina-de-turisme\/#breadcrumb","itemListElement":[{"@type":"ListItem","position":1,"name":"Inici","item":"https:\/\/prades.cat\/en\/"},{"@type":"ListItem","position":2,"name":"Tourist Office"}]},{"@type":"WebSite","@id":"https:\/\/prades.cat\/en\/#website","url":"https:\/\/prades.cat\/en\/","name":"Prades","description":"Web de l&#039;Ajuntament de Prades","potentialAction":[{"@type":"SearchAction","target":{"@type":"EntryPoint","urlTemplate":"https:\/\/prades.cat\/en\/?s={search_term_string}"},"query-input":"required name=search_term_string"}],"inLanguage":"en-US"}]}},"_links":{"self":[{"href":"https:\/\/prades.cat\/en\/wp-json\/wp\/v2\/pages\/2263"}],"collection":[{"href":"https:\/\/prades.cat\/en\/wp-json\/wp\/v2\/pages"}],"about":[{"href":"https:\/\/prades.cat\/en\/wp-json\/wp\/v2\/types\/page"}],"author":[{"embeddable":true,"href":"https:\/\/prades.cat\/en\/wp-json\/wp\/v2\/users\/1"}],"replies":[{"embeddable":true,"href":"https:\/\/prades.cat\/en\/wp-json\/wp\/v2\/comments?post=2263"}],"version-history":[{"count":2,"href":"https:\/\/prades.cat\/en\/wp-json\/wp\/v2\/pages\/2263\/revisions"}],"predecessor-version":[{"id":2265,"href":"https:\/\/prades.cat\/en\/wp-json\/wp\/v2\/pages\/2263\/revisions\/2265"}],"wp:attachment":[{"href":"https:\/\/prades.cat\/en\/wp-json\/wp\/v2\/media?parent=2263"}],"curies":[{"name":"wp","href":"https:\/\/api.w.org\/{rel}","templated":true}]}}

<section class="wpb-content-wrapper"><p>[vc_row css_animation=&#8221;&#8221; row_type=&#8221;row&#8221; use_row_as_full_screen_section=&#8221;no&#8221; type=&#8221;full_width&#8221; angled_section=&#8221;no&#8221; text_align=&#8221;left&#8221; background_image_as_pattern=&#8221;without_pattern&#8221;][vc_column][vc_column_text]Des de l’<strong>Ajuntament de Prades</strong> s’ha decidit impulsar l’<strong>Oficina de Turisme</strong> i el <strong>Centre d’Interpretació de les Muntanyes de Prades</strong>, de manera que no es focalitza només en l’atenció al públic, sinó que a més a més, s’aposta per una dinamització del territori a partir de projectes com ara el de <strong>GUIES DE LES MUNTANYES DE PRADES</strong>. L’objectiu principal d’actuacions com aquesta és donar a conèixer l’encara desconegut entorn natural de les <strong>Muntanyes de Prades</strong>, així com el seu patrimoni cultural i la història que s’hi amaga.</p>
<p>&nbsp;</p>
<p><a href=""><img decoding="async" loading="lazy" class="alignnone size-full wp-image-1343" src="" alt="" width="3264" height="1836" /></a></p>
<p>[/vc_column_text][vc_separator type=&#8221;transparent&#8221;][/vc_column][/vc_row][vc_row css_animation=&#8221;&#8221; row_type=&#8221;row&#8221; use_row_as_full_screen_section=&#8221;no&#8221; type=&#8221;full_width&#8221; angled_section=&#8221;no&#8221; text_align=&#8221;left&#8221; background_image_as_pattern=&#8221;without_pattern&#8221;][vc_column width=&#8221;1/2&#8243;][vc_column_text]</p>
<h3>Oficina Municipal de Turisme</h3>
<p>C. Muralla, 3<br />
Telf. 977 868 302<br />
turisme@prades.cat</p>
<p><strong>Horari d&#8217;atenció al públic:</strong></p>
<p><strong>Temporada alta (del 24 de juny al 11 de setembre):</strong><br />
De dilluns a dissabte, de 9 a 14 h i de 16 a 18 h<br />
Diumenges i festius, de 9 a 14 h<br />
<strong>Temporada baixa (resta de l&#8217;any):</strong><br />
Dissabtes, de 9 a 14 h i de 16 a 18 h<br />
Diumenges i festius, de 9 a 14 h[/vc_column_text][vc_separator type=&#8221;transparent&#8221;][/vc_column][vc_column width=&#8221;1/2&#8243;][vc_column_text]</p>
<h3>Centre d&#8217;Interpretació de les Muntanyes de Prades</h3>
<p>C. Muralla, 3<br />
Telf. 977 868 302<br />
turisme@prades.cat</p>
<p><strong>Horari d&#8217;atenció al públic:</strong></p>
<p><strong>Temporada alta (del 24 de juny al 11 de setembre)</strong><br />
De dilluns a dissabte, de 9 a 14 h i de 16 a 18 h<br />
Diumenges i festius, de 9 a 14 h<br />
<strong>Temporada baixa (resta de l&#8217;any)</strong><br />
Dissabtes, de 9 a 14 h i de 16 a 18 h<br />
Diumenges i festius, de 9 a 14 h</p>
<p><strong>Visites concertades tot l&#8217;any trucant al 977 868 302 / 977 868 018</strong>[/vc_column_text][vc_separator type=&#8221;transparent&#8221;][/vc_column][/vc_row][vc_row css_animation=&#8221;&#8221; row_type=&#8221;row&#8221; use_row_as_full_screen_section=&#8221;no&#8221; type=&#8221;full_width&#8221; angled_section=&#8221;no&#8221; text_align=&#8221;left&#8221; background_image_as_pattern=&#8221;without_pattern&#8221;][vc_column][vc_separator type=&#8221;transparent&#8221;][/vc_column][/vc_row]</p>
</section>

<p>[vc_row css_animation=&#8221;&#8221; row_type=&#8221;row&#8221; use_row_as_full_screen_section=&#8221;no&#8221; type=&#8221;full_width&#8221; angled_section=&#8221;no&#8221; text_align=&#8221;left&#8221; background_image_as_pattern=&#8221;without_pattern&#8221;][vc_column][vc_column_text]Des de l’Ajuntament de Prades s’ha decidit impulsar l’Oficina de Turisme i el Centre d’Interpretació de les Muntanyes de Prades, de manera que no es focalitza només en l’atenció al públic, sinó que a més a més, s’aposta&#8230;</p>

<!-- This site is optimized with the Yoast SEO plugin v22.6 - https://yoast.com/wordpress/plugins/seo/ -->
<title>Tourist Office - Prades</title>
<meta name="robots" content="index, follow, max-snippet:-1, max-image-preview:large, max-video-preview:-1" />
<link rel="canonical" href="https://prades.cat/en/oficina-de-turisme/" />
<meta property="og:locale" content="en_US" />
<meta property="og:type" content="article" />
<meta property="og:title" content="Tourist Office - Prades" />
<meta property="og:description" content="[vc_row css_animation=&#8221;&#8221; row_type=&#8221;row&#8221; use_row_as_full_screen_section=&#8221;no&#8221; type=&#8221;full_width&#8221; angled_section=&#8221;no&#8221; text_align=&#8221;left&#8221; background_image_as_pattern=&#8221;without_pattern&#8221;][vc_column][vc_column_text]Des de l’Ajuntament de Prades s’ha decidit impulsar l’Oficina de Turisme i el Centre d’Interpretació de les Muntanyes de Prades, de manera que no es focalitza només en l’atenció al públic, sinó que a més a més, s’aposta..." />
<meta property="og:url" content="https://prades.cat/en/oficina-de-turisme/" />
<meta property="og:site_name" content="Prades" />
<meta property="article:modified_time" content="2018-05-31T20:16:39+00:00" />
<meta name="twitter:card" content="summary_large_image" />
<meta name="twitter:label1" content="Est. reading time" />
	<meta name="twitter:data1" content="2 minutes" />
<script type="application/ld+json" class="yoast-schema-graph">{"@context":"https://schema.org","@graph":[{"@type":"WebPage","@id":"https://prades.cat/en/oficina-de-turisme/","url":"https://prades.cat/en/oficina-de-turisme/","name":"Tourist Office - Prades","isPartOf":{"@id":"https://prades.cat/en/#website"},"datePublished":"2018-05-31T20:07:49+00:00","dateModified":"2018-05-31T20:16:39+00:00","breadcrumb":{"@id":"https://prades.cat/en/oficina-de-turisme/#breadcrumb"},"inLanguage":"en-US","potentialAction":[{"@type":"ReadAction","target":["https://prades.cat/en/oficina-de-turisme/"]}]},{"@type":"BreadcrumbList","@id":"https://prades.cat/en/oficina-de-turisme/#breadcrumb","itemListElement":[{"@type":"ListItem","position":1,"name":"Inici","item":"https://prades.cat/en/"},{"@type":"ListItem","position":2,"name":"Tourist Office"}]},{"@type":"WebSite","@id":"https://prades.cat/en/#website","url":"https://prades.cat/en/","name":"Prades","description":"Web de l&#039;Ajuntament de Prades","potentialAction":[{"@type":"SearchAction","target":{"@type":"EntryPoint","urlTemplate":"https://prades.cat/en/?s={search_term_string}"},"query-input":"required name=search_term_string"}],"inLanguage":"en-US"}]}</script>
<!-- / Yoast SEO plugin. -->

[vc_row css_animation=&#8221;&#8221; row_type=&#8221;row&#8221; use_row_as_full_screen_section=&#8221;no&#8221; type=&#8221;full_width&#8221; angled_section=&#8221;no&#8221; text_align=&#8221;left&#8221; background_image_as_pattern=&#8221;without_pattern&#8221;][vc_column][vc_column_text]Des de l’Ajuntament de Prades s’ha decidit impulsar l’Oficina de Turisme i el Centre d’Interpretació de les Muntanyes de Prades, de manera que no es focalitza només en l’atenció al públic, sinó que a més a més, s’aposta...
